. Let y be (-5)/((-10)/6)*(-3 - 1). Let i be f(y). Let z(v) be the first derivative of v**3/3 - 2*v**2 - 6*v - 6. Calculate z(i).
-1
Let d(y) = -14 + 10*y - 66 - 5. Let p be d(9). Let c(w) = w - 2. Give c(p).
3
Let i(t) = 4*t - 5. Let n(q) = -q + 1. Let v(b) = 2*i(b) + 9*n(b). Let r be v(0). Let m(o) be the first derivative of -4*o**3 - o**2/2 - 210. Determine m(r).
-11
Let g = 253 - -137. Let x = -395 + g. Let q(v) = -3*v - 1. Determine q(x).
14
Let j(c) be the first derivative of c**3/3 - 25*c**2/2 - 17*c + 2244. Give j(26).
9
Let u(y) = -5*y - 4. Let h = -444 - -233. Let j = -214 - h. Determine u(j).
11
Let n(f) = 5*f**2 + 9*f. Let a(t) = -6*t**2 - 8*t + 1. Let y(s) = -4*a(s) - 3*n(s). Let d be y(1). Let j(h) = -h**3 + 10*h**2 - h + 4. Calculate j(d).
-6
Let w(h) = -h**3 + 4*h**2 - 2*h - 1. Suppose 12 = -2*i + 4*p, -3*p = 2*p. Let z be 4 - 0*i/(-42). Calculate w(z).
-9
Suppose 3*h = -23 + 2. Let j(t) = t**2 - 4*t + 5. Let f(i) = -3*i**2 + 7*i - 9. Let b(g) = 2*f(g) + 5*j(g). Calculate b(h).
0
Let t(y) be the third derivative of -4/3*y**3 + 0*y + 1/12*y**4 + 4*y**2 + 0. Suppose -6*f - 12 = -2*j - 5*f, j = 4*f + 6. What is t(j)?
4
Let x(w) = 4733*w**2 - w - 4736*w**2 - w - 5*w + 15 + 0*w. Determine x(-7).
-83
Let g(h) = -7*h + 5. Let c be g(-1). Suppose -u = 8 - c. Let a(b) = -b**3 - b. Let z(y) = -7*y**3 + 6*y**2 - 11*y + 6. Let n(x) = 6*a(x) - z(x). Calculate n(u).
-18
Let m(x) = -4 - x - 1 + 2*x. Let h be (-3)/(6/(-16)*2). Suppose -j = -3*w - h + 19, j = -2*w. Calculate m(j).
-11
Let u be 2/(2/(-5)) + 1. Let n = -108 + 108. Let b(t) = 2 + 1007*t + n - 9*t**2 + 8*t**2 - 1007*t. Give b(u).
-14
Let y(h) = 2*h - 3694602 + 3694573 + 5*h. Calculate y(-13).
-120
Let l be 3*-1 + 8 + -7. Let s(g) be the second derivative of g**4/4 + g**3/2 + 2*g - 27. Give s(l).
6
Let i = -417 + 410. Let a(k) be the second derivative of -k**4/12 - 4*k**3/3 + k**2/2 - 2*k + 29. Give a(i).
8
Let c(p) be the second derivative of p**4/12 + 17*p**3/6 - 9*p**2/2 + p + 1655. Determine c(-18).
9
Let g(z) = z + 6*z - 7*z + 2*z + z - 40. Calculate g(12).
-4
Let s(c) = c. Let v(t) = -t**3 + 23*t**2 + 16*t + 194. Let y be v(24). Suppose h - 41 = -4*x, x + 5*h - 41 = -7. Suppose y*w - x = -7. Calculate s(w).
1
Let d(g) be the second derivative of -g**4/12 + 4*g**3/3 + 2*g**2 + 3*g + 28. Let x(j) = 2*j**2 - 23*j - 12. Let u(w) = 8*d(w) + 3*x(w). Determine u(-3).
-7
Suppose 78*j - 68*j + 30 = 0. Suppose -4*r + 12 = 0, 4*m + 2*r - 78 - 8 = 0. Let k(f) = -20*f + 3 - f**2 + m*f. Calculate k(j).
-6
Let l(r) = -r**3 - r**2 + 5. Let p(f) = -17*f - 136. Let w be p(-8). Let q be w*(0/(-10) + 3/(-6)). Give l(q).
5
Let c = 87 + -96. Let h(u) = -3*u**2 - u**3 - 3 + 2 - 6 - u - 6*u**2. Determine h(c).
2
Let v(z) = -2*z**2 + 15*z - 2. Let c(d) = d**3 - 6*d**2 - 508*d + 3512. Let k be c(7). Calculate v(k).
23
Suppose 0 = b - 2 - 0. Let k(f) = 3*f**2 - 3*f**3 - 4*f + b*f + 4 + 2*f**3 + 0*f. Let n(a) = -a**3 + 6*a**2 + 15*a - 87. Let l be n(6). Give k(l).
-2
Let s(o) = -o - 10. Let z be s(-8). Let x = -4 - z. Let q be (-2 + 3)/(1/x). Let a(c) = -3*c - 1. What is a(q)?
5
Suppose 5*n + m = 35, -4*n - 5*m = -10 - 39. Let v(l) be the third derivative of -l**5/30 + 7*l**4/24 + 4*l**3/3 - 3*l**2. What is v(n)?
-22
Let x(n) be the second derivative of 4*n**2 - 1/3*n**3 + 0 + 11*n. Let t be x(5). Let o(w) = 4*w + 2. Calculate o(t).
-6
Let n(d) = -2*d - 11. Let h = -7056 - -7051. Calculate n(h).
-1
Let p be (9 - 0) + (22 + -6)/(-4). Let c(b) = p*b + 3 + b - 2*b**2 - 3 + 2. Let q be c(3). Let u(l) = -l + 1. What is u(q)?
-1
Let u(r) = -3*r - 31. Let b(g) = -125*g - 7. Let l(f) = -b(f) + 4*u(f). What is l(1)?
-4
Let u(s) = s**2 - s - 11. Suppose 8*g = -39*g + 367 - 132. What is u(g)?
9
Let c(x) = -228*x - 231*x - 228*x - 48 + 694*x. Give c(6).
-6
Let p be (1100/(-15))/4 - 28/42. Let d(k) = k**2 + 16*k + 19. Determine d(p).
76
Let j(l) be the second derivative of 9/2*l**2 - 1/20*l**5 + l**3 + 7/12*l**4 - 116*l + 0. Calculate j(8).
-7
Let r(n) = n**3 - 9*n**2 - 25*n + 16. Suppose 0 = -22*o + 64 + 178. Determine r(o).
-17
Let b = 2111 - 2103. Let j(x) = x - 1. Let h(v) = v**2 - 11*v + 6. Let q(p) = -h(p) - 2*j(p). What is q(b)?
4
Let o be ((-30)/27)/((-94)/(-423)). Let s(l) = l**2 + 8*l + 6. What is s(o)?
-9
Let d(w) be the first derivative of -w**3/3 - 5*w**2 + 14*w - 230. Let c = 253 - 264. Determine d(c).
3
Suppose -55 - 25 = -8*l. Suppose 2*w = -2*m, w - 6*m + l = -9*m. Let r(o) = o**2 - 3*o - 6. What is r(w)?
4
Let x(c) = -c**3 - 50*c**2 + 40*c - 567. Let k be x(-51). Let m(v) = -v**3 - 2*v**2 + 9*v + 10. Give m(k).
100
Let g(s) be the second derivative of -s**3/3 + 25*s**2/2 - s + 102. Determine g(3).
19
Let p be -7 + (-200)/(-30) + 1/3. Let f be p - 7/(-1) - 18. Let j(g) = -g. Give j(f).
11
Let a = 85 + -69. Suppose n - 4*n + 9 = 0. Let f(p) = -n*p**3 - 5*p - a + 22 - 3*p**2 + 4*p**3. Calculate f(4).
2
Let f(z) = -z**3 - 4*z**2 + 5*z + 1. Let n be f(-5). Let j be -2*(-3 + -4 + 3). Let b(r) = -6*r**3 + j*r**3 - 7*r**3 - 23*r**3. What is b(n)?
-28
Let k(d) = 8*d**3 - 12*d**2 + 10*d + 1. Let u = 2468 - 2467. Give k(u).
7
Let p(a) = -4*a**2 - 11*a - 2. Suppose 4*q - 8 = 96*o - 100*o, -5*o + 46 = -4*q. What is p(q)?
-22
Let d(w) be the second derivative of -w**3/3 + 8*w**2 + 6*w + 6. Give d(11).
-6
Let o = 4828 + -4835. Let t(p) = -p - 9. Determine t(o).
-2
Let s(u) = -3 + 4*u**3 + 7*u + 0 + 9. Let j(n) = -5*n**3 - n**2 - 7*n - 7. Let p = -229 - -234. Let d(l) = p*j(l) + 6*s(l). Calculate d(-6).
-5
Suppose 5*b - z + 2 = 0, 4*b - 8 = b - 4*z. Suppose 0 = 32*x - 13 - 51. Let g(n) = 8 + 2*n**2 - 9 - 4 - 3*n**x. Give g(b).
-5
Let i = 1325 + -1339. Let c(h) = -h**2 - 16*h - 31. Give c(i).
-3
Let d(o) = 2*o - 3. Let n = -430 + 425. Determine d(n).
-13
Let u(b) be the second derivative of -b**5/20 + b**4/6 + 2*b**3/3 - 5*b**2/2 + b + 327. What is u(3)?
-2
Let r(z) = -10*z - 2. Let p = 37 + -42. Let q be ((-12)/(-15))/(2/p). What is r(q)?
18
Let k(n) = -n + 4. Let x be k(0). Let i(w) = 8*w + 9*w - 8*w - 12*w + 6. Determine i(x).
-6
Let l(p) = -11*p**3 - 3*p - 7*p**2 - 3 - 3*p**3 + 13*p**3 + 4*p. Let i be 56/2*(-4)/(-8). Suppose -3*o = -g + 23, 2*g + i = -4*o - 10. Give l(o).
-10
Let c(l) be the second derivative of 1/12*l**4 - 3/2*l**2 - 62*l - 2/3*l**3 + 0. Suppose b - 2*m = -0*m + 4, -3*b + 5*m = -12. Calculate c(b).
-3
Let b(a) = -a**2 + 9*a - 1. Suppose 2*i + 3*x = -65, 100 = -3*i - 0*x - 5*x. Let j = 33 + i. Calculate b(j).
7
Let f = -9 - 8. Let y = f + 20. Let c(p) = 0*p**2 - 3*p + 3 - 15*p**2 + 0*p**2 + 16*p**2 - 3*p**2. What is c(y)?
-24
Let f = -219 - -205. Let r(k) = -k**2 - 15*k - 18. Let w be r(f). Let b(h) = 3*h + 8. Determine b(w).
-4
Let n(w) = 3*w + 1. Let k(j) be the second derivative of -j**3/3 - 7*j**2 + 7*j. Let z be k(-10). Suppose 0 = 2*y - z*y - 4. Calculate n(y).
-2
Let j(b) = -b**2 - 3*b - 3. Let r be 2/10*10 + 1/1. Let x(p) = p - 9. Let g be x(r). Determine j(g).
-21
Suppose 0 = -20*i + 16*i + 44. Let t(v) = -i + 2*v + 0*v - 2 + 0. Let s(n) = -n + 6. Let f(w) = 13*s(w) + 6*t(w). Determine f(3).
-3
Let z(d) = 8*d**3 - d**2. Let v(y) = 23*y**3 + y**2 + 2*y - 11. Let p(b) = -v(b) + 3*z(b). What is p(5)?
26
Let n(w) be the first derivative of -w**2 + 16*w + 168486. Let t = -8 + 15. Calculate n(t).
2
Suppose 0 = -60*a + 63*a - 42. Let z(b) = -11*b + 2 + 5 - 15*b**2 + a*b**2 + 6 - 14. Calculate z(-10).
9
Suppose -4*m - 5*z - 1 = 0, -z = 2*m - 0 + 5. Let t(r) = -r**3 + r**2 + 1. Let o(l) = -3*l**3 - l**2 - l + 1. Let v(j) = -o(j) + 2*t(j). What is v(m)?
-19
Let w(g) = 6*g**3 + 5*g**2 - 11*g - 23. Let c(s) = -5*s**3 - 4*s**2 + 10*s + 20. Let y(j) = -7*c(j) - 6*w(j). What is y(-2)?
6
Let d(z) = 3 - 3*z - 4*z + 3*z + 3*z. Suppose 0 = 2*c + 7 - 1, v - 274 = 5*c. Let w = v - 254. Give d(w).
-2
Let u(a) = -113*a**2 + 11*a - 49. Let q(k) = 132*k**2 - 13*k + 47. Let h(b) = -6*q(b) - 7*u(b). Give h(9).
-11
Let v(t) = -t**3 - 16*t**2 - 27*t + 28. Let p be v(-14). Let b(n) = 1 + 47*n - 16*n - p*n - 20*n. What is b(-3)?
10
Let u(f) = -3*f - 6. Let q be ((-12)/20 + 1)/(78/1365). What is u(q)?
-27
Let m(a) be the third derivative of -a**6/120 + a**3/2 - 2745*a**2. Let v = 1 - 1. Calculate m(v).
3
Let m(w) be the first derivative of 187 + 3/2*w**2 - 10*w. Give m(7).
11
Let h = 339 + -333. Let n(b) be the t